f + 723 = 5*v. List the prime factors of v.
11, 13
Suppose 2*y = 18 - 0. Let r(i) = -11*i - 7*i**2 - 17 + y*i + 7 + i + 2*i**3. List the prime factors of r(5).
2, 3, 5
Let u(m) = -2087*m - 196. Let b be u(-14). Suppose -20*r = -6*r - b. What are the prime factors of r?
3, 691
Let w = -65 - -65. Suppose 0 = r - w*r - 72. What are the prime factors of 2 + (3 - -1) + r?
2, 3, 13
Let f(x) = 8*x - 191. Let j be f(23). What are the prime factors of ((-14841)/12)/(-3) - j/(-28)?
2, 103
Let z(s) be the third derivative of -s**6/10 - s**5/12 + s**4/6 + 5*s**3/3 + 28*s**2. List the prime factors of z(-3).
277
Let g be (-4)/((-32)/22) + (-3)/(-12). What are the prime factors of -211*15/g*4/(-10)?
2, 211
Suppose 4*x + 72963 = c, 4*c + 23*x = 26*x + 291878. List the prime factors of c.
43, 1697
Suppose 951*d = 947*d + 20. Suppose -d*n - 25 = 0, -j - 3*n - n + 628 = 0. What are the prime factors of j?
2, 3
Suppose -l + 4*l + 54 = 0. Let m = l - -109. What are the prime factors of m?
7, 13
Let w(f) be the first derivative of f**3/3 + 3*f**2/2 + 2*f - 22. Let r be w(-1). Suppose a - 197 + 66 = r. What are the prime factors of a?
131
Let d(v) = 1 - 1111*v + 15*v**2 + 11 + 3 + 11*v**2 + 1101*v. Suppose 0 = a - 4*a + 6. List the prime factors of d(a).
3, 11
Let c = -115 - -195. Let j be 11 - 4 - (78 + -2). Let n = c + j. What are the prime factors of n?
11
Let q = -37 - -33. List the prime factors of q - -12 - (1 + -464).
3, 157
Suppose 0 = 7*i + i + 120. What are the prime factors of (-2240)/(-25) + 1/(i/(-6))?
2, 3, 5
Let h(o) be the third derivative of -o**6/60 - o**5/10 + o**4/4 - 2*o**3/3 - 12*o**2. Let b be h(-5). Let s = b - 23. What are the prime factors of s?
43
Let h(r) = 152*r + 4093. List the prime factors of h(-23).
3, 199
Suppose 48*l = -3*c + 43*l + 502, 5*c = 4*l + 849. Suppose -1895 + c = -2*j - 2*p, -p = 2*j - 1725. What are the prime factors of j?
2, 431
Suppose 3*u + 2*b = 91063, 151777 = 5*u - 48*b + 50*b. What are the prime factors of u?
3, 3373
Suppose -15*j = -13*j + 596. Let h be (j/(-6))/(9/27). Suppose -3*r - r + 5*n = -584, h = r - 2*n. List the prime factors of r.
3, 47
What are the prime factors of (24253/869)/((-3)/(-363))?
11, 307
List the prime factors of 7/(-14)*((-282300)/(-5))/(-6).
5, 941
Let n(o) be the third derivative of o**6/120 + o**5/5 - o**4/24 - 7*o**3/6 + 40*o**2. Let q be n(-12). Suppose -q*z = -995 - 170. List the prime factors of z.
233
Let f(s) = s**2 + 9*s + 4. Let d be f(-9). Suppose d*t - 4 = -2*v + 8, -22 = -3*v - 2*t. Suppose v*r + 216 = 560. List the prime factors of r.
43
Let x = -32 + -145. Let k = -60 - -58. What are the prime factors of (x/(-9))/(k/(-12))?
2, 59
Suppose -205 = -3*b - 4*q, b - 4*q = 5*b - 276. Let d = -35 + b. Suppose -d*s = -32*s - 48. List the prime factors of s.
2, 3
Suppose 1 = 5*o - 24, 5*y = -5*o + 75745. What are the prime factors of y?
2, 3, 631
List the prime factors of (12/(-42)*1)/((-2)/17773).
2539
What are the prime factors of ((-2)/(-4)*-19774)/((-1)/(-3)*-3)?
9887
Suppose 6*n = 7*n - 5, -5*k + 37685 = -5*n. List the prime factors of k.
2, 3, 419
Let y = -124 - -214. Let t be 2/5 + 144/y. List the prime factors of 55 + t/1 + (-4 - -1).
2, 3
Let l be 1 + ((-6)/(-1))/(21/(-518)). What are the prime factors of (1 + -20)/(7/l)?
3, 7, 19
Let w = -207 + 781. Suppose -w = -3*h + 389. List the prime factors of h.
3, 107
Let v = -3627 + 8670. List the prime factors of v.
3, 41
What are the prime factors of 191/(-8 + (-555)/(-69))?
23, 191
Suppose -4 = w + t - 6, 0 = 3*w - t - 26. Suppose w = -2*s - 1. What are the prime factors of -2*40/12*24/s?
2, 5
Suppose 8 = -5*q + 18. Suppose f = q + 202. Suppose -b = 2*b - f. What are the prime factors of b?
2, 17
Let i(q) = -q**2 - 22*q + 4. Let l be i(-20). Suppose l*d = 52*d - 928. List the prime factors of d.
2, 29
Let f(a) = a**2 - 7*a - 26. Suppose 0 = -2*z + 2*w - 8, 5*z + 4*w = w - 28. List the prime factors of f(z).
2, 17
Suppose -c + 1 = -0. Let x be (c - -109)*23*(-2)/(-4). Suppose 5*u = x - 330. What are the prime factors of u?
11, 17
Suppose -3*g - b = 3 - 2, 0 = g + b + 1. Suppose -4*z + 14*z - 60 = g. List the prime factors of (z/18)/(1/435).
5, 29
Let y(c) = c + 1. Let d be y(4). Suppose -18*w + d*w = -26. Let t(n) = 32*n**2 + 3*n + 1. What are the prime factors of t(w)?
3, 5
Let k(l) = -2*l**2 + 10*l + 8. Let z be k(5). Suppose -z*n = -n - 1484. Suppose 0 = -y + v + n - 62, -v = 3*y - 434. What are the prime factors of y?
2, 73
List the prime factors of 6/(-51) - 184452226/(-2737).
2, 3, 13
Suppose 0 = 3*h + 2*a - 10100 + 964, 2*h + 2*a - 6094 = 0. List the prime factors of h.
2, 3, 13
Suppose -14716 + 416 = -10*h. Suppose -h = -12*p + 2*p. List the prime factors of p.
11, 13
Let d = 6 - 4. Let j be 13 - (-2)/d*1. Suppose b = j*b - 897. List the prime factors of b.
3, 23
Let z be 28*162/48 + 2/(-4). Suppose -3*a + 8*h - 3*h + 278 = 0, 2*h + z = a. List the prime factors of a.
2, 43
Let p(l) = 5*l**3 - 3*l**2 - 7*l - 10. Let x be p(-5). Let y = x - -1137. List the prime factors of y.
2, 3, 7, 11
What are the prime factors of (0 - 6/4)*26696/(-6)?
2, 47, 71
Let j = 34391 - 11421. What are the prime factors of j?
2, 5, 2297
Let w = 16914 + -10932. Suppose 0 = -3*p, -2*p - 1613 = -5*t + w. List the prime factors of t.
7, 31
Suppose 5*i - 85 = 5*l, -3*i = -i - 3*l - 39. Let t be (-2 + 22)/(3/i*-1). Let f = 172 + t. List the prime factors of f.
2, 23
Let i be (-4)/18*1 - (-1010)/90. Let b(v) = -2*v + 26. Let g be b(i). Suppose 2*j + 3*x = 103, -159 - 53 = -g*j - 4*x. What are the prime factors of j?
2, 7
Let x be (-1 + (-6)/(-8))*(0 - 36). List the prime factors of 8534/x + (-52)/234.
2, 3, 79
Let q = -223 + -292. List the prime factors of -5 - q - (4 + -9).
5, 103
Suppose 3622154 = -8962*x + 9029*x. What are the prime factors of x?
2, 27031
Let j be -4 + 6 - (-1 + -3). Suppose 3*k - j*k + 483 = 0. List the prime factors of k/7 - (2 - 6).
3
Let g be 0 + (-1576)/((-4)/8*4). Suppose -18*h - g = -20*h. What are the prime factors of h?
2, 197
What are the prime factors of (13 + -3)/(11/(82929/45240) - 6)?
5, 7, 359
Let m = -266 + 271. Let k(i) = i**2 + 7*i + 9. Let z be k(-6). What are the prime factors of m + -5 + z - -5?
2
Suppose -952*o - 124641 = -985*o. List the prime factors of o.
3, 1259
Let d = -70093 - -158413. What are the prime factors of d?
2, 3, 5, 23
Let a be (3 - 6)*(-57)/9. Suppose -3576 - 1060 = -a*x. List the prime factors of x.
2, 61
Let u = 233 + -132. Let d = u - 5. What are the prime factors of d?
2, 3
Let i(c) = c**3 - 9*c**2 + 14*c + 6. Let p be i(7). Suppose 12*k = k - p*k. Suppose -4*w + 3 + 249 = k. List the prime factors of w.
3, 7
Suppose 0*v = -0*v + 2*v. Let w be (-1604)/16 + v + (-3)/(-12). Let h = -27 - w. What are the prime factors of h?
73
Suppose 6 + 10 = 8*w. Suppose -w*c = -6*c - 2*g + 22, 5*c - 2*g = 5. Suppose -2*l + 59 = c. What are the prime factors of l?
2, 7
Let t be (-8365)/(-15) - 3/(-9) - 3. Suppose -122*z - t = -127*z. List the prime factors of z.
3, 37
Let n(p) = p**2 + 13*p + 170. Let r be (-4 + 5)/((-63)/30 + 2). What are the prime factors of n(r)?
2, 5, 7
Suppose -27*o - 673675 = -77*o + 760575. List the prime factors of o.
5, 5737
Let k be -12 + 12 + -9 + -87. Suppose 3*w + 294 = -5*y + 5*w, 0 = 2*w - 4. Let p = y - k. What are the prime factors of p?
2, 19
Let h(k) = -2*k - 4 + 4 - 1 + 2*k**2 - 3*k**2. Let n be h(-1). Suppose n*f = 2*f - 186. List the prime factors of f.
3, 31
Suppose 0*u + 5*p - 50 = -4*u, -3*u = 4*p - 38. Let t be (24/u)/(-4*(-7)/70). Suppose -9*x = -t*x - 48. What are the prime factors of x?
2
Let q(h) = 2*h - 18. Let u be q(13). Suppose u*v = 5*v + 9. What are the prime factors of (-1859)/(-33) - 1/v?
2, 7
Let g(d) = -d**3 - 10*d**2 - 5*d - 10. Let k(t) = -6*t**2 - 3*t + 8*t - 9*t - t**3 + 6. Let w be k(-4). What are the prime factors of g(w)?
2, 5
Let i be -1*(-133)/(-9) + 8/(-36). Let j = i + 18. Suppose 5*q = r - 1, j*r - 4*q = 2*r + 6. What are the prime factors of r?
2, 13
Suppose -84*f + 449653 = -541799. What are the prime factors of f?
11, 29, 37
Suppose 4*u - 3*v = -897, 0*u - 659 = 3*u - 5*v. Let h(g) = -29*g + 13. Let r be h(12). Let d = u - r. What are the prime factors of d?
107
Suppose f - 2116 = -g - f, -2*f - 2108 = -g. Let i be (-3)/((-6)/(-